 greatest common factor of 130 and 211947814.
26
What is the greatest common divisor of 15 and 754233?
3
Calculate the highest common divisor of 10723636 and 5646.
1882
What is the greatest common divisor of 185 and 759415?
5
Calculate the highest common factor of 40 and 19455000.
40
What is the highest common divisor of 212230 and 7510?
10
What is the greatest common divisor of 15 and 263253?
3
Calculate the highest common factor of 13289 and 29779.
97
What is the highest common divisor of 4782477 and 7917?
609
Calculate the highest common divisor of 680 and 398007740.
340
What is the greatest common divisor of 222 and 61387773?
111
What is the highest common factor of 1029438 and 5454?
18
What is the highest common factor of 101 and 557009041?
101
Calculate the greatest common divisor of 15814766 and 178.
178
Calculate the highest common divisor of 1062961735 and 47620.
11905
Calculate the greatest common divisor of 724181 and 4163.
181
Calculate the highest common divisor of 844019 and 1375.
11
Calculate the greatest common factor of 3802328 and 127844.
4124
Calculate the highest common divisor of 136 and 3126808.
8
What is the greatest common divisor of 675845268 and 204?
204
What is the highest common divisor of 204 and 6060186?
6
Calculate the greatest common divisor of 2667090 and 60.
30
What is the greatest common divisor of 2745 and 17957745?
45
Calculate the greatest common factor of 929610 and 4244130.
2970
Calculate the greatest common factor of 221552637 and 545.
109
Calculate the greatest common factor of 131330 and 1713.
571
What is the highest common factor of 62 and 1260367?
31
What is the highest common divisor of 54 and 135121986?
54
What is the greatest common factor of 208582 and 235528?
998
What is the highest common factor of 1853 and 4680787?
109
Calculate the highest common factor of 90018 and 12366.
54
Calculate the greatest common factor of 344178 and 4779.
9
What is the highest common divisor of 47470 and 18451589?
4747
Calculate the greatest common factor of 660 and 6189920.
220
What is the highest common divisor of 1108944 and 38952?
72
What is the highest common divisor of 34086639 and 1474856?
9703
Calculate the highest common divisor of 202345 and 112255.
715
Calculate the greatest common divisor of 120393 and 19577754.
9261
Calculate the highest common divisor of 38646 and 19456.
38
Calculate the greatest common factor of 26669565 and 819.
117
What is the greatest common divisor of 27851793 and 206217?
6249
What is the greatest common factor of 1580 and 7845490?
790
What is the greatest common divisor of 152317010 and 710?
710
What is the highest common factor of 3404 and 212?
4
Calculate the greatest common divisor of 620550 and 65.
5
What is the greatest common factor of 2695561 and 5722420?
15059
What is the highest common divisor of 388476 and 884844?
324
What is the highest common factor of 16166698 and 134?
134
Calculate the greatest common factor of 200724 and 416928.
516
Calculate the highest common factor of 30926 and 2076648.
658
What is the highest common divisor of 15654838 and 7482?
2494
Calculate the greatest common factor of 135 and 27390.
15
What is the highest common factor of 13 and 5075369?
13
What is the highest common factor of 22280926 and 2602?
2602
What is the greatest common divisor of 2673345 and 20?
5
What is the highest common divisor of 546 and 3468140?
26
What is the highest common divisor of 4959843 and 19275?
771
What is the greatest common factor of 1928255 and 1143485?
1295
Calculate the greatest common factor of 8292308 and 445.
89
What is the greatest common divisor of 267064 and 10793?
251
Calculate the highest common divisor of 51875 and 12153275.
2075
Calculate the highest common divisor of 7124 and 87932.
52
What is the greatest common factor of 57258 and 108?
18
What is the greatest common divisor of 1283378 and 172?
86
What is the greatest common divisor of 142579255 and 442?
221
What is the highest common factor of 1035 and 143659173?
69
Calculate the greatest common divisor of 7 and 8528117.
1
What is the greatest common divisor of 31785642 and 1890?
378
What is the highest common factor of 127462625 and 100?
25
Calculate the highest common divisor of 513 and 276033159.
171
Calculate the highest common divisor of 507345 and 963615.
3405
What is the greatest common factor of 161653 and 27676?
629
Calculate the greatest common divisor of 88840 and 55.
5
What is the highest common divisor of 629904 and 51299?
1193
Calculate the greatest common factor of 28980 and 59846.
46
What is the greatest common divisor of 16792284 and 132?
12
Calculate the highest common factor of 6 and 4554006.
6
What is the highest common divisor of 5040 and 890286?
6
Calculate the highest common factor of 25968 and 1095.
3
Calculate the greatest common factor of 1 and 33808055.
1
What is the highest common divisor of 524864 and 664576?
3776
What is the highest common divisor of 1438890 and 60?
30
What is the highest common divisor of 685940 and 117720?
20
Calculate the highest common divisor of 6448 and 1750973744.
6448
Calculate the greatest common factor of 282945 and 947895.
195
Calculate the highest common factor of 128312 and 39087.
43
Calculate the highest common factor of 65944140 and 1038.
1038
What is the greatest common divisor of 2060892 and 501075?
1179
What is the highest common factor of 73 and 4189981?
73
Calculate the greatest common divisor of 462503 and 217391.
1459
What is the greatest common divisor of 2370260 and 620?
620
Calculate the highest common divisor of 156 and 267095868.
156
What is the greatest common factor of 1125544 and 2222?
202
What is the greatest common divisor of 70 and 5092472?
14
What is the highest common divisor of 650 and 27529970?
130
What is the highest common factor of 28179 and 3289131?
279
What is the greatest common factor of 1008 and 104359032?
72
What is the highest common divisor of 3119377000 and 50?
50
Calculate the greatest common divisor of 3355210 and 250.
10
What is the highest common divisor of 171386030 and 110?
10
What is the greatest common factor of 15180 and 693036?
276
Calculate the greatest common factor of 254 and 27298142.
254
What is the highest common factor of 6324758 and 16720?
418
Calculate the highest common factor of 431105 and 183465.
755
Calculate the greatest common factor of 1950 and 82629690.
390
Calculate the highest common divisor of 443897268 and 374.
34
What is the greatest common factor of 372 and 772221284?
124
Calculate the highest common divisor of 149169 and 14307.
57
What is the greatest common factor of 70945 and 4445?
35
What is the highest common factor of 3187240 and 560?
280
Calculate the greatest common divisor of 3453594 and 1668.
834
What is the highest common factor of 9507319 and 885?
59
What is the greatest common divisor of 577 and 10727?
1
Calculate the highest common factor of 124 and 2191156.
4
What is the highest common factor of 7536779 and 235?
47
What is the highest common factor of 122082 and 1374?
6
What is the highest common factor of 5460741 and 2327?
13
What is the highest common divisor of 437 and 919793?
23
Calculate the greatest common factor of 27099 and 484593351.
9033
Calculate the highest common factor of 440008 and 120.
8
Calculate the greatest common divisor of 59081 and 11703409.
5371
What is the greatest common factor of 26 and 26964288?
26
What is the highest common divisor of 229365 and 46980?
135
What is the greatest common divisor of 76729380 and 780?
780
Calculate the greatest common divisor of 19783032 and 146888.
488
What is the highest common divisor of 648 and 1439784?
72
Calculate the highest common factor of 5683540 and 103.
103
Calculate the greatest common divisor of 2068 and 29708668.
44
What is the highest common factor of 60123875 and 1925?
175
What is the highest common factor of 7659331 and 347?
347
What is the greatest common divisor of 546 and 313118?
26
Calculate the greatest common factor of 6432 and 820214.
134
What is the highest common divisor of 1221 and 2224695?
33
Calculate the highest common divisor of 1606849 and 2185.
437
Calculate the highest common factor of 44162 and 738314.
622
What is the greatest common factor of 2666706 and 1516